e the prime factors of 1585680273?
3, 1747, 33617
What are the prime factors of 4701603295?
5, 19, 1567, 31583
List the prime factors of 31034881.
71, 437111
What are the prime factors of 404833528?
2, 11, 229, 20089
What are the prime factors of 54251968?
2, 847687
List the prime factors of 1900305335.
5, 59, 83, 77611
What are the prime factors of 3406603770?
2, 3, 5, 12617051
List the prime factors of 45084239.
45084239
List the prime factors of 119481565.
5, 7, 3413759
List the prime factors of 140305457.
283, 359, 1381
What are the prime factors of 197148726?
2, 3, 10952707
List the prime factors of 452860949.
41, 11045389
List the prime factors of 46654985.
5, 13, 55213
What are the prime factors of 53998461?
3, 11, 181813
What are the prime factors of 2235817169?
17, 131518657
List the prime factors of 473847357.
3, 23, 163, 42131
What are the prime factors of 32404009?
11, 47, 233, 269
List the prime factors of 278352615.
3, 5, 541, 34301
List the prime factors of 26622536.
2, 37, 53, 1697
What are the prime factors of 1979859603?
3, 19, 37, 151, 6217
List the prime factors of 34545865.
5, 6909173
List the prime factors of 3050619264.
2, 3, 7, 11, 17
List the prime factors of 114262668.
2, 3, 13, 29, 8419
What are the prime factors of 241311110?
2, 5, 233, 103567
What are the prime factors of 288712729?
288712729
List the prime factors of 75620452.
2, 37, 89, 5741
What are the prime factors of 298115926?
2, 23, 6480781
List the prime factors of 28944628.
2, 577, 12541
What are the prime factors of 195455473?
195455473
What are the prime factors of 102721678?
2, 51360839
List the prime factors of 75630963.
3, 19, 1326859
What are the prime factors of 239785417?
239785417
What are the prime factors of 81741091?
81741091
What are the prime factors of 276612957?
3, 433, 70981
List the prime factors of 2595536365.
5, 41, 12661153
List the prime factors of 73772589.
3, 11, 1423, 1571
What are the prime factors of 1433621721?
3, 7, 37, 1845073
List the prime factors of 14261556.
2, 3, 61, 19483
What are the prime factors of 271313937?
3, 29, 1039517
What are the prime factors of 135643932?
2, 3, 3767887
List the prime factors of 121860153.
3, 1493, 3023
What are the prime factors of 100441833?
3, 443, 75577
List the prime factors of 74835488.
2, 7, 13, 31, 829
List the prime factors of 284003965.
5, 7, 1481, 5479
List the prime factors of 446586602.
2, 7, 11, 19, 29, 277
List the prime factors of 270121385.
5, 19, 239, 11897
List the prime factors of 249236713.
11, 22657883
What are the prime factors of 225408868?
2, 56352217
List the prime factors of 322565866.
2, 7, 199, 115781
What are the prime factors of 3070490037?
3, 17, 3541511
List the prime factors of 198173259.
3, 22019251
List the prime factors of 5795807908.
2, 11, 131722907
List the prime factors of 544144554.
2, 3, 373213
What are the prime factors of 8148050628?
2, 3, 6143, 110533
List the prime factors of 691193754.
2, 3, 38399653
What are the prime factors of 377744667?
3, 125914889
What are the prime factors of 1957868702?
2, 103, 1423, 6679
What are the prime factors of 20759874?
2, 3, 337, 10267
List the prime factors of 46269143.
31, 431, 3463
List the prime factors of 472301090.
2, 5, 23, 67, 30649
List the prime factors of 5665245125.
5, 4877, 9293
List the prime factors of 247107837.
3, 23, 127, 163, 173
What are the prime factors of 15657647?
15657647
List the prime factors of 79061446.
2, 1123, 35201
List the prime factors of 452575397.
263, 383, 4493
What are the prime factors of 721606438?
2, 7, 1201, 6131
What are the prime factors of 26695911?
3, 11, 113, 7159
List the prime factors of 35533154.
2, 19, 811, 1153
List the prime factors of 2705625157.
17, 569, 279709
List the prime factors of 129591739.
2741, 47279
List the prime factors of 2033323886.
2, 11, 43, 2149391
List the prime factors of 20009313.
3, 1277, 1741
What are the prime factors of 1663989071?
113, 2861, 5147
What are the prime factors of 14236981?
11, 97, 1213
List the prime factors of 555253670.
2, 5, 55525367
What are the prime factors of 17906993?
13, 557, 2473
List the prime factors of 910830274.
2, 389, 577, 2029
List the prime factors of 3811432967.
29, 2969, 44267
What are the prime factors of 2125243342?
2, 811, 1310261
What are the prime factors of 1399446879?
3, 457, 479, 2131
What are the prime factors of 188004429?
3, 31, 224617
List the prime factors of 155292042.
2, 3, 17, 29, 47, 1117
What are the prime factors of 374804532?
2, 3, 10411237
List the prime factors of 869256942.
2, 3, 7459, 19423
What are the prime factors of 226838135?
5, 163, 278329
List the prime factors of 82770438.
2, 3, 13795073
List the prime factors of 143420119.
143420119
What are the prime factors of 358981142?
2, 13, 83, 166349
What are the prime factors of 54551143?
349, 156307
List the prime factors of 819148914.
2, 3, 73, 623401
What are the prime factors of 2181379144?
2, 7, 173, 225163
List the prime factors of 73187290.
2, 5, 11, 43, 15473
List the prime factors of 734836133.
29, 3083, 8219
What are the prime factors of 55270746?
2, 3, 587, 5231
List the prime factors of 782025528.
2, 3, 32584397
What are the prime factors of 2284655?
5, 19, 24049
List the prime factors of 3129753147.
3, 1043251049
List the prime factors of 1027020008.
2, 7, 53, 49433
What are the prime factors of 3840175188?
2, 3, 1777, 60029
List the prime factors of 3712291.
11, 281, 1201
List the prime factors of 491665192.
2, 89, 690541
What are the prime factors of 2163442167?
3, 31, 7754273
What are the prime factors of 43500650?
2, 5, 870013
What are the prime factors of 57272331?
3, 19090777
List the prime factors of 184096735.
5, 449, 82003
What are the prime factors of 39177929?
7, 5596847
List the prime factors of 707249467.
41, 47, 367021
List the prime factors of 52580850.
2, 3, 5, 7, 50077
List the prime factors of 9231193.
29, 67, 4751
List the prime factors of 374597206.
2, 187298603
List the prime factors of 2004678.
2, 3, 13, 659
List the prime factors of 904551263.
7, 11, 31, 378949
What are the prime factors of 25582873?
19, 37, 151, 241
What are the prime factors of 83877097?
83877097
What are the prime factors of 437678627?
437678627
What are the prime factors of 281558514?
2, 3, 46926419
What are the prime factors of 4470467663?
4470467663
What are the prime factors of 702949574?
2, 19, 1609, 11497
What are the prime factors of 647796938?
2, 617, 524957
What are the prime factors of 941110522?
2, 11, 149, 287099
What are the prime factors of 690955993?
7, 13, 31, 83, 227
List the prime factors of 196370429.
701, 280129
What are the prime factors of 1414290627?
3, 37, 79, 1453
List the prime factors of 140008529.
563, 248683
What are the prime factors of 6519092097?
3, 7, 977, 317741
List the prime factors of 33257826.
2, 3, 7, 263951
List the prime factors of 61721746.
2, 127, 242999
List the prime factors of 83155345.
5, 7, 13, 179, 1021
What are the prime factors of 1552528043?
11, 17, 181, 45869
What are the prime factors of 38548879?
38548879
What are the prime factors of 9308543757?
3, 3102847919
What are the prime factors of 4209858757?
13, 8053, 40213
What are the prime factors of 846288514?
2, 6991, 60527
What are the prime factors of 22204550?
2, 5, 17, 151, 173
List the prime factors of 116411942.
2, 58205971
List the prime factors of 2648809433.
2648809433
What are the prime factors of 9425035?
5, 1885007
What are the prime factors of 86710507?
13, 6670039
List the prime factors of 554333445.
3, 5, 37, 332933
What are the prime factors of 227977339?
227977339
List the prime factors of 586696296.
2, 3, 181, 135059
List the prime factors of 421670595.
3, 5, 28111373
What are the prime factors of 4292748996?
2, 3, 43, 8319281
List the prime factors of 155122262.
2, 77561131
What are the prime factors of 72473044?
2, 7, 193, 13411
What are the prime factors of 7825354445?
5, 67, 103, 226789
What are the prime factors of 13733399?
17, 127, 6361
List the prime factors of 91623884.
2, 11, 43, 79, 613
List the prime factors of 470375227.
7, 17, 3952733
List the prime factors of 381706804.
2, 23, 4148987
List the prime factors of 3828610479.
3, 29, 43, 1023419
List the prime factors of 51823748.
2, 1295